+ 3 + -1)).
93
Calculate (1 - 86 - (-38 - -29)) + (41 - 27).
-62
What is the value of -152 + (-36 - -131) - 76?
-133
What is 21 + (-31 - (7 - -17)) - -15?
-19
What is 20 + -10 + (-14 - (14 + -19))?
1
Evaluate (-9 - (-15 - -22) - -16 - (0 - 6)) + 23.
29
What is -9 + 6 + (-4 - -34) + -3 + (1 - 6)?
19
What is -15 + 10 - (-1 - -2) - ((11 - 35) + 15)?
3
What is the value of -22 + -70 + 73 - (3 - 6)?
-16
What is the value of (-99 - -47) + -10 - -25?
-37
Evaluate (4 - (213 + -123)) + 45.
-41
What is the value of -1 - 50 - (-78 + 62 - (-6 + -2))?
-43
Calculate -1 + -74 + 17 + (-5 - 12).
-75
Calculate -37 - -16 - (0 - (-3 + 4 + -6 + 13)).
-13
Evaluate 24 - -1 - (-11 + 6 - -6) - (10 - 14).
28
What is 13 + 1 + -2 - (-21754 + 21743)?
23
Calculate -50 - -83 - 31 - -45.
47
Evaluate -17 + 19 + 104 + (-4 - 1) + 3.
104
Evaluate (-97 - -50) + (65 - -30).
48
Calculate 51 + 35 + -67 - (2 + (-3 - -6)).
14
Evaluate -13 - (1 + -3 + -8 - (550 + -482)).
65
Evaluate (-23 + -1 + 3 - (-311 + 303)) + 35.
22
What is (8 - 18) + (-3 - (-10 + 4)) + -12 + 5?
-14
What is -46 + -16 - (3 - ((3 - (2 + -2)) + -3))?
-65
Evaluate 4 + -18 + (-16 - -54) + -93.
-69
What is 57 + (78 - 18) + -71?
46
Evaluate (-1 - 4) + (3 + 3 - 5 - 9).
-13
Calculate 11 - (20 + -7 + -19 + -2 + 10) - -103.
112
What is the value of -7 + -1 - (33 - (151 + 41 + -12))?
139
Calculate -5 + 30 - (29 + (-49 - -5)).
40
Evaluate (1 - 2 - -17) + (-57 + 87 - 56).
-10
-1 - 15 - (-1264 + 1229)
19
What is -1 - -2 - 10 - -2 - -63 - 6?
50
What is (-83 - (53 - 99)) + -34 - ((-2 - -1) + 0)?
-70
-282 + 85 + (-95 - -159)
-133
8 + (37 - (-25 + 39)) + -124
-93
What is -2 - (-2 + 43) - (5999 + -6132)?
90
What is the value of (-5 - 2) + 18 + (-31 - -27 - (7 + 1))?
-1
What is 7 + (-39 - (-6 - 12))?
-14
What is 72 + 10 + (-4 - (-3 - (7 - 16)))?
72
Calculate (-11 - 31) + -21 + 22.
-41
70 + -81 + (-42 - ((6 - 4) + -3 + 4))
-56
What is 5 - (-16 + 6 - (-4 + 23 + 6))?
40
-56 - (10 + (-19 - 1 - 0))
-46
What is 95 + -43 + 44 + -77?
19
What is the value of 8 + (7 - (-26 + 13)) - -18?
46
What is 291 - 305 - (5 + (-4 - 7))?
-8
Evaluate -60 - (-83 + 53 - 7).
-23
Evaluate (-2 - 1) + -1099 + 1131 + -43.
-14
Calculate -1 + -82 - (1375 - 1400).
-58
What is -3 + (-8 - (-18 + 10 - (-2 - 13) - 0))?
-18
What is -13 + (14 - (10 - 4 - -29))?
-34
What is the value of 2433 + -2401 + (4 - (-4 + 65))?
-25
-8735 + 8703 + (1 - 28)
-59
Calculate (17 - 36) + (-12 - -10) + 66.
45
Evaluate (-1 + -2 - (56 - (3 - -63))) + -66.
-59
Evaluate (-3 - -5) + (184 + -62 - 27).
97
Evaluate 0 + -29 + -21 + 7 + 9.
-34
(-7 - 46) + 72 + 5 + 7
31
Evaluate -117 + 3 + 14 + 55.
-45
Calculate (-4 - -9) + -65 + (-845 - -826).
-79
What is the value of -12 - ((-1 - 16) + (2 - -6))?
-3
What is 26 - -10 - 48 - (55 + (-2 - -5))?
-70
Calculate (8470 - 8437) + 49 + 2 + 0.
84
(-49 - 185) + 226 + 0 + -9
-17
Evaluate (-2 - (-3 + -1)) + -16 + 4 + (1960 - 1933).
17
Calculate (-19 - ((2 - -3) + 0)) + (18 - (-24 - -41)).
-23
Evaluate (-7 - (3 + -4)) + 1504 + -1463.
35
What is the value of 4 + -20 - 36 - -74?
22
Calculate -36 - ((-2 - (2 - (-2 - 0))) + (1137 - 1130)).
-37
Calculate -1683 - -1679 - (45 + 1).
-50
Evaluate (-12 - (-7 - -14 - -1)) + 2.
-18
Evaluate -1 - (1 - (-7 - -5) - (129 - (28 + 16))).
81
Evaluate (0 - 16) + 3 - (-5 - (-10 + 0 + 4)).
-14
What is the value of -9 + 244 + -91 - 172?
-28
Evaluate -144 + 33 + 47 + 35.
-29
Calculate -44 + 75 + -71 - -64.
24
Calculate (59 - (65 - 21)) + 0 + -12 + (0 - 50).
-47
Calculate -84 - (-32 + (21 - 23)).
-50
Calculate (128 - 113) + 22 + (-16 - (-9 + 3)).
27
What is the value of (27 - 3) + (-10 - (-16 - -26))?
4
What is -129 + 98 + 50 + (1 - 0)?
20
-5 - 4 - 1 - (15 + -6) - 9
-28
What is -3935 + 3913 + 97 + 3?
78
2 + 90 + (-3 + (-65 - -97) - (1 + 20))
100
(1 - (2 + 2) - -1) + 111 + -108
1
What is 54 - (-51 + 102 - 54)?
57
Calculate (-42 - -2) + 117 + (-1 - 0).
76
Evaluate 22 + -13 + 1 + -7.
3
Evaluate -20 + (-8 + 32 - (-10 + 7)).
7
Evaluate -3 - (5 + -133) - (93 - (44 - -37)).
113
What is the value of (-5 + 7 - 21) + 23 - 36?
-32
Evaluate -5 + -9 + 0 + (-76 - -19) + -2.
-73
What is -47 + -65 + (-2 - -71)?
-43
Calculate (56 - -4) + 8 - (3 - (5 + 12 + -3)).
79
What is the value of 0 + -40 - ((1 - (-52 + 17)) + -25)?
-51
Calculate -18 + -5 + -38 + 37 + 30.
6
What is -8 - ((376 - 133) + -142)?
-109
Calculate 8 + (22 - -12) - (-6 + 3).
45
Calculate 12 + (-11 - (-31 + (-10 - -26))) + 6.
22
What is -68 - -64 - (2 - 14) - (40 + -44)?
12
Calculate -12 + 6 - -7 - (-7 + 2 + -23).
29
What is the value of (-351 - -420 - (-14 + -5 + 3)) + -4?
81
Calculate -5 - (45 + (-4 - 60 - 9)).
23
Calculate -31 - (-48 + 21) - (-1 + -7 - (-119 - 4)).
-119
Calculate 4 - (86 - 5) - (525 + -538).
-64
Evaluate (-1 - -1 - (14 + -6)) + -76 + 169.
85
Evaluate 25 + 0 - -24 - 66.
-17
Evaluate (2 - (0 - -47)) + 67 + -57 + (-4 - -1).
-38
What is the value of -3 - -9 - -7 - (-1 + 9 - 31)?
36
What is -18 - (-12 - 8 - (6 - 11))?
-3
Evaluate -4 + -33 + 14 + -2 + 0.
-25
Calculate 54 + (-33 - 45) + 91.
67
Evaluate -2 - 6 - ((-56 - -9) + 18).
21
0 + -4 + (-286 - -287) + 4
1
(6 + -70 - (-72 + 22)) + -1 + (-6 - -1)
-20
-44 + -89 + (-68 - -217)
16
What is 2 - (-26 + 53) - (-49 - -20)?
4
What is the value of -4 + -5 - (80 + -71 - (1 + -2))?
-19
Evaluate 480 + -374 + -3 - (4 + -2 + -11).
112
8 - ((-57 - -154) + -112 - (8 + -1 + 1))
31
What is the value of -20 - ((0 - 46) + 49)?
-23
Calculate -153 + 0 + (50 - 29) - -15 - 22.
-139
(-7 - 1) + -1 + 175 + -319 + 100 + 7
-46
What is 109 + (48 - 12 - 106)?
39
Evaluate 85 - ((31 - -20) + 43).
-9
What is the value of 228 + -230 + (4 - (-72 + -7 + 7))?
74
What is 50 + 2 + (2 - -10 - 3) + (-13 - -1)?
49
Calculate -45 + (7 - (7 - 0 - (-162 - -154))).
-53
What is 41 + (19 - 121 - -20)?
-41
What is the value of -41 + -2 - (-100 - (172 - 288))?
-59
-40 + (57 - 33) + 1 + (-2 - (53 + -1))
-69
What is the value of -81 + 6 + (61 - 28)?
-42
Calculate 1 + -11 - (-49 + 185 + -133).
-13
-89 - -56 - -77 - 55
-11
(-286 - -288) + (-4 - -2) + 70 - (4 + 1)
65
What is the value of (75 - 22 - 120) + 102?
35
What is 8 - (7 + 8 - (14 - (129 - -4) - 8))?
-134
(14 - -4) + 0 + 13 + 8
39
What is the value of 4 + -8 + -5 + (-55 - (2 - (-4 - -1)))?
-69
Calculate 49 + (-32 - (-8 - -11 - 21)).
35
What is the value of (48 - -44) + -20 + -32?
40
64 + (-2 - -62 - 54)
70
-53 - (25 + -52) - 9
-35
Calculate -44 + (-3 - (-16 + 7 + 1) - 9).
-48
Calculate 2 - (-41 - -22) - (93 - -35).
-107
What is the value of -32 + (-8 - (-43 + 16)) + 7 + -14?
-20
What is the value of (0 - 1) + (-10 - (0 - 7)) - (-28 - -58)?
-34
-113 + (18 + -10 + -21 - 2 - -15)
-113
-1 + 1 + (-2 - (-10 + 2)) - (-4246 + 4260)
-8
Evaluate -19 + -18 + 7 + 38.
8
(-34 - 20) + 39 + -16 + -4
-35
(20 + -7 + 15 + -18 - -42) + 8
60
What is the value of (-12 - -2) + (48 - (94 + -60))?
4
(-9 - (31 + -17)) + 7 + 50
34
What is the value of -74 - ((-98 - -100) + -155)?
79
What is the value of (28 - 6) + -16 - 12?
-6
What is the value of 17 - ((1 - 2) + -26 + 11 + 109)?
-76
Calculate 11 - ((296 - 232) + (-3 - -12 - 3)).
-59
Evaluate (11 - 15) + (22 + 11 + -23 + 63 - -3).
72
Calculate 30 + 23 + -53 + -12 + 23 - (62 - -2).
-53
What is the value of 72 + -62 + 67 + (25 - -9)?
111
What is (-38 - -8 - -14) + 34?
18
Calculate -13 + -6 + 34 + -8 + -11 - 4.
-8
Evaluate (9 - 89) + -15 + -12 + 8.
-99
Calculate (18 + (-7 - 2) - (122 - 87)) + (0 - 6).
-32
What is (290 - 189) + (-1 - (-7 - -12) - 6)?
89
Evaluate 59 - 1 - (-111 - (-177 - -44)).
36
-84 - -1 - (9110 - 9282)
89
Evaluate ((3 - -8) + -17 - 11) + 43 + -6.
20
(103 + -108 - (2 + (2 - 1))) + (-322 - -378)
48
Calculate 25 + -2 + (2 - -3) + (78 - 92).
14
Evaluate 20 + 55 + (8 - 82).
1
What is 23 + (5 + -15 - -53)?
66
What is the value of -3 + -8 + (-28 - (-31 - 2)) + -82?
-88
Evaluate -1 + (6 - -13) - 18.
0
Calculate -10 - ((10 - -40) + -39).
-21
-1 + -34 + (2007 - 1987)
-15
(-148 - -37) + 123 + (2 + -1 + -73 - -2)
-58
-26 + -8 + 18 + 23 + -23
-16
What is the value of (-1 - 0) + -17 + -1 + -31 + 33?
-17
(52 - -14) + 15 + -18 + -22
41
Calculate -187 + 257 - (107 - -6).
-43
What is (80 - 6) + (-27 - (26 - 50 - 5))?
76
20 + -3 + -2 - (29 + -24)
10
What is 11 + 5 + -5 + (2 + (3 - -48) - 3)?
61
What is (-27 - (23 - 22)) + -8 + -20?
-56
Evaluate (-4 - -1 - 1) + -47 + (41 - (-49 + 8)).
31
Evaluate 0 - 41 - 